48*l + 13 - 549*l + 1096*l. What is o(-6)?
19
Suppose 11 + 14 = -5*y. Let i(m) = m**2 - 5*m + 6. Let v be i(4). Let c(k) = 0*k**2 + 3*k + 5 + 2*k - k**2 + 2*k**v. Determine c(y).
5
Let g(i) be the second derivative of i**3 - 194*i. Determine g(8).
48
Suppose 4 = 2*m + g - 5*g, -3*m = -2*g - 14. Let o(a) be the third derivative of 1/120*a**m - 2*a**2 + 0*a + 0*a**3 - 1/20*a**5 + 0 + 1/8*a**4. Give o(3).
9
Let b(m) = m**3 - 6*m**2 + 136807*m - 2*m**3 - 136807*m. Let s = 4 - 10. Give b(s).
0
Let w(u) = u**2 + 3*u - 4. Suppose 5*x - m = -0*m - 11, 4 = 4*x - 4*m. Determine w(x).
-4
Let o(v) be the second derivative of v**4/12 - 44*v. Give o(-1).
1
Let g(m) = m**2 - 31*m + 44. Let x be g(29). Let j(i) = i**2 + 12*i - 9. Calculate j(x).
19
Let n(j) = -j**2 - 5*j + 5. Let d(x) = -2*x**2 - 38*x - 41. Let k be d(-18). Give n(k).
5
Let a(s) = s**2 - 5*s + 5. Suppose -5*d + 62 + 13 = 0. Let w(b) = -b + 19. Let t be w(d). Calculate a(t).
1
Let o(r) be the first derivative of r**3/3 + r**2/2 + r - 322. What is o(-3)?
7
Let j(s) = s**2. Let v be 6/(-18)*5*-3. Determine j(v).
25
Let l(p) = -10*p**2 + 5*p + 159. Let o(t) = 3*t**2 - 2*t - 53. Let q(u) = 2*l(u) + 7*o(u). Let f(y) be the first derivative of q(y). Calculate f(-3).
-10
Let s(z) = z**2 - 10*z + 1. Let m be s(10). Let q(i) be the second derivative of 2*i**3/3 - i**2/2 + i + 18. Calculate q(m).
3
Let t(g) = -14 - 5*g + 16 + 2*g. Let d(s) = 2*s**2 + 0*s**2 - s**2 + 0*s**2 - 11*s + 12. Let o be d(9). Give t(o).
20
Suppose 9*h = 16 + 2. Let p(n) = 4*n**3 + n**2 - 4*n + 7. Let v(c) = -2*c**3 + 2*c - 3. Let t(z) = -2*p(z) - 5*v(z). Calculate t(h).
5
Let a(l) = l - 7. Suppose -7 = -10*q - 57. Give a(q).
-12
Let x be -6*1/2*40/(-15). Suppose 1 = x*s + 9. Let v(k) = 7*k - 1. Calculate v(s).
-8
Let w(h) = 3*h - 66*h**3 + 3 + 0*h**2 - 4*h**2 + 6*h**2 + 65*h**3. Calculate w(-2).
13
Suppose -4*n + 3*n + 3 = 0. Let o(z) = 3*z**2 - n*z - 3*z**2 - 5*z**2 + 4*z + 1. Calculate o(-1).
-5
Suppose 2*u - 7*u + 25 = 0. Let q(o) = -44 + 45 + u*o - 3*o. Let d be (-3)/(-3)*(0 + 1). Calculate q(d).
3
Let o(m) be the first derivative of -1/2*m**2 - 5*m + 5. What is o(-5)?
0
Let z be (3 - 105/(-1)) + 1. Let u(f) = 109 - z + 2*f. Give u(-1).
-2
Suppose 4*c - 8 = 4*s, 4*s + 5*c = 13 + 6. Let m(t) = 13*t**2 + t. Calculate m(s).
14
Let b = 30 + -20. Let t = b - 7. Suppose 2*v + 3*v + 2*i + 4 = 0, -t = -3*v - 3*i. Let n(c) = -c**3 + c**2 + 3*c + 2. Determine n(v).
8
Let n(c) = 4*c**3 - 3*c**3 + 194*c**2 + 2 - 189*c**2. Suppose 2*b + 10 = -3*v + 7*b, -5*v = -4*b + 21. What is n(v)?
2
Suppose 0 = 11*y - 12*y - 6. Let z be y/(-21) - (-1496)/56. Let p(u) = 2*u - 3*u - z + 28. Calculate p(6).
-5
Let b(t) = -t - 4. Suppose 0 = -3*k - v + 16, -2*k - 5*v + 41 - 13 = 0. Suppose -10 = k*l - 38. What is b(l)?
-11
Let l(z) = -z**3 + 3*z**2 - 2*z - 1. Let t be (32/24)/(4/9). Suppose 0 = -3*k - t*b + 27, -b - 3*b = 0. Let c = k - 7. Determine l(c).
-1
Let l(j) = -80*j**3 + 245*j**3 - 85*j**3 - 79*j**3 - 8*j**2 - 2*j + 6. What is l(8)?
-10
Let n be 2/3 - (-192)/9. Let m(r) = -92*r**3 + n + 0*r - r + 91*r**3. What is m(0)?
22
Let v be (24/(-10))/(4/(-50)). Suppose 3*w - 112 = -2*g - 3*g, 0 = -3*w + 2*g + 77. Let j = v - w. Let s(a) = 5*a. Determine s(j).
5
Let h be 6/12*(-5 + 1). Let d(i) = -6*i**3 + i**2 + 6*i + 2. Let l(c) = -5*c**3 + c**2 + 5*c + 2. Let q(x) = 4*d(x) - 5*l(x). Determine q(h).
-12
Let r(v) = -v**2 + 9*v + 2. Suppose 354 - 98 = 32*a. Give r(a).
10
Let q(g) be the third derivative of g**6/120 - g**5/60 - g**4/24 + 40*g**2 + 4. Let x = -2 + 4. Suppose 5*v + 2*t + 2 = -2, 3*v = x*t + 4. Give q(v).
0
Let r = 499 - 496. Let d(x) = x**2 - 3*x - 4. Calculate d(r).
-4
Let v(u) be the first derivative of 7*u**3/3 + 500. Determine v(2).
28
Let a(z) = z**2 + z + 1. Let y(u) = 5*u**2 + 3*u + 5. Let d(o) = -6*a(o) + y(o). Let k(r) = -3*r - 3. Let c be k(-6). Let i = c + -18. Determine d(i).
-1
Let p(v) = -3*v**3 - 3 - 5*v - 2*v + 4*v - 6*v**2. Let i(t) = 2*t**3 + 6*t**2 + 2*t + 4. Let f(z) = 4*i(z) + 3*p(z). Give f(6).
1
Suppose -2*u = -6*u - 20. Let o(m) = -m + 3. Let p be o(u). Let g = p - 11. Let w(f) = f**2 - 1. Calculate w(g).
8
Let p(k) be the third derivative of -1/24*k**4 - 1/6*k**3 + 0 - 14*k**2 + 0*k. Let a be ((-4)/(-2))/(3/6). Determine p(a).
-5
Let y(f) = f**3 - 3*f**2 - 5*f + 3. Let i = 2 - -2. Let o be (i/7)/((-4)/(-28)). Let u be y(o). Let n(m) = -m - 2. Calculate n(u).
-1
Let s(z) = 3*z - 16. Suppose -c = 4*c - 15. Suppose -5*b = f + 4*f - 15, -2*f = c*b - 4. Let h be s(f). Let i(j) = j. Determine i(h).
-1
Let u = -849 - -845. Let s(c) = 5 + 1 - c + 3*c. Determine s(u).
-2
Let t(x) be the first derivative of x**3/3 - 3*x**2/2 - x - 50. Determine t(4).
3
Let n(f) = -f - 2. Let q(w) = w + 24. Let j(p) = -5*n(p) + q(p). What is j(-6)?
-2
Let j(r) = -12*r**3 + 22*r**2 + 17*r**2 - 40*r**2. What is j(1)?
-13
Let b(a) be the first derivative of a**6/360 + a**5/24 + a**4/12 + 13*a**3/3 + 3. Let m(v) be the third derivative of b(v). Let i = -10 - -5. Determine m(i).
2
Let y(z) = 37*z**2 + 74*z - 20. Let f(d) = 13*d**2 + 26*d - 7. Let x(w) = -17*f(w) + 6*y(w). What is x(-1)?
-2
Let f(y) = -72 + 7*y**2 + 208 - 66 - 65 + 6*y. What is f(-1)?
6
Let r be ((-87)/(-58))/((30/(-8))/(-5)). Let f(t) be the first derivative of 1 - 2*t**2 + 1/3*t**3 + 3*t. Determine f(r).
-1
Suppose -6 = -0*o - o + 3*j, -6 = 3*j. Suppose o = 5*d - 27 - 8. Let k(s) = s**2 - 5*s + 3. Give k(d).
17
Let o be (7 - (-3 + 2)) + 0. Let z = -7 + 11. Let l = z - o. Let q(i) = 3*i + 4. Calculate q(l).
-8
Let u(b) = b**2 - 7*b + 2. Let x be u(7). Let f(a) = -3*a + 8*a - x*a. Suppose 0 = 4*h - 3 + 7. Determine f(h).
-3
Let y(x) = -5*x + 2. Let k(l) = 10*l - 4. Let b(r) = 3*k(r) + 5*y(r). Let f be (-266)/152 - (5/(-4))/(-5). What is b(f)?
-12
Let u(m) = -m**3 - 10*m**2 + 9*m - 27. Let x be u(-11). Let q(w) = w**3 + 6*w**2 + 5*w + 1. Determine q(x).
1
Let g(a) = a**3 + 7*a**2 + 1. Suppose w = 15 + 20. Suppose -7*v = -2*v + w. Determine g(v).
1
Let b(k) = -7*k**3 - 4*k**2 - 3*k - 11. Suppose 0*n = 2*n - 10. Let g(r) = -6*r**3 - 4*r**2 - 3*r - 10. Let y(d) = n*b(d) - 6*g(d). Determine y(-4).
-7
Let k(z) = -3*z - 3. Let a(g) = -g - 1. Let l(f) = -2*a(f) + k(f). What is l(-6)?
5
Let h = 43 - 46. Let n(j) = -13 - 14 - 18 + 5*j**2 + 5*j + j**3 + 48. Determine n(h).
6
Let r(q) = -7*q + 3. Let f(d) = -d + 22. Let j be f(19). Give r(j).
-18
Let n(i) = -3*i - 4. Let p be n(-3). Let h = -3 + p. Let k(t) = t + 4*t**h + 2 + 3*t - 2*t**2 - t**2. Determine k(-2).
-2
Let b(l) = -2*l**3 + 5*l**2 + 10*l + 3. Let q be b(4). Let r(f) = f**2 + 7*f + 3. Let c be r(-7). Let w(v) = 7 - c*v - v**2 + 0*v - 3. Calculate w(q).
-6
Let h(l) be the third derivative of l**6/90 + 7*l**3/6 + 22*l**2. Let w(i) be the first derivative of h(i). Calculate w(1).
4
Let m(b) = 35*b**2 + 12*b - 35. Let j(x) = -48*x**2 - 16*x + 47. Let p(s) = -8*j(s) - 11*m(s). Determine p(-11).
-68
Let c(d) = -4*d**3 - d**2 - d - 1. Let y be 120/(-210) + (-3)/7. What is c(y)?
3
Let j(g) be the third derivative of -4*g**2 + 1/6*g**3 + 0*g + 1/10*g**6 + 0 + 0*g**5 - 1/24*g**4. Let n be 6/4*2/3. What is j(n)?
12
Let u(h) = -3*h - 3. Suppose 0 = 2*w - 7*w + 95. Let n = -24 + w. Give u(n).
12
Let r be 36/48 - 50/(-8). Let b(z) = -r*z + 4*z**2 + 0 + z**3 + 0*z**2 - 5. Let k be 15/2*28/(-42). What is b(k)?
5
Let z(c) = -c - 19. Let u(v) = -2*v - 38. Let d(y) = -4*u(y) + 9*z(y). Give d(-7).
-12
Suppose u = -2*u + 9. Let q(k) = 0*k**2 + 4*k**2 + 2 - u*k**2 + 2*k**2. Determine q(-2).
14
Let g(w) = -2*w + 14. Let p be g(6). Suppose 0 = 2*s - 8, p*o - 5*o + 29 = 5*s. Let b(i) be the first derivative of 2*i**3/3 - 2*i**2 - 3. Give b(o).
6
Let n(l) = l**2 + l + 4. Suppose 10*a = 15*a - 220. Let b = 41 - a. What is n(b)?
10
Suppose -5*f - 2*c - 24 = -4*c, 0 = 2*c - 4. Let l(n) be the second derivative of -n**3/6 - n**2/2 + 6*n - 77. What is l(f)?
3
Suppose 4*f - 278 + 274 = 0. Let i(z) = z**3 - z. Determine i(f).
0
Let d be 6/(-5)*60/(-9). Suppose 0 = z + 3*z - d. Let x(s) be the third derivative of -s**5/15 + s**4/12 + 2183*s**2. Calculate x(z).
-12
Let k(l) be the second derivative of l**6/120 + l**5/10 + l**4/4 + l**3/3 + 5*l**2 - 6*l. Let n(o) be the first derivative of k(o). Calculate n(-5).
-3
Suppose x = 33 - 36. Let f(u) = u - 2. Calculate 